{"id":9322,"date":"2018-06-19T15:10:01","date_gmt":"2018-06-19T13:10:01","guid":{"rendered":"http:\/\/dse-dueren.de\/Shop_Schilder\/produkt\/fluchtweg-zusatzschild-langnachleuchtend-exit-2\/"},"modified":"2022-12-16T14:20:11","modified_gmt":"2022-12-16T13:20:11","slug":"fluchtweg-zusatzschild-langnachleuchtend-exit-2","status":"publish","type":"product","link":"https:\/\/dse-deutschland.de\/Shop_Schilder\/produkt\/fluchtweg-zusatzschild-langnachleuchtend-exit-2\/","title":{"rendered":"Fluchtweg &#8211; Zusatzschild- langnachleuchtend Exit"},"content":{"rendered":"<p>Fluchtweg &#8211; Zusatzschild- langnachleuchtend Exit Gr\u00f6\u00dfe (BxH): 30,0 x 10,5 cm DIN 67510-4, Klasse C<\/p>\n<p>&nbsp;<\/p>\n<p>Gr\u00f6\u00dfe B x H in cm<br \/>\n30,0 x 10,5<br \/>\nMaterial<br \/>\nFolie langnachleuchtend<\/p>\n<p>SafetyMarking langnachleuchtend HI 150 Folien-Produkte<br \/>\nHochwertige Selbstklebefolie, 0,1 mm stark, langnachleuchtend beschichtet. Leuchtdichte (150\/22\/2100)<br \/>\n35 Stunden Leuchtkraft.<br \/>\nWitterungsbest\u00e4ndig<br \/>\nnein<br \/>\nTemperaturbest\u00e4ndig in \u00b0C<br \/>\n-30 bis +120<br \/>\nNachtr\u00e4glich beschriftbar<br \/>\n&#8212;<\/p>\n<p>Bestell-Nr.: 380.0126<\/p>\n","protected":false},"excerpt":{"rendered":"<p>Fluchtweg &#8211; Zusatzschild- langnachleuchtend Exit Gr\u00f6\u00dfe (BxH): 30,0 x 10,5 cm DIN 67510-4, Klasse C &nbsp; Gr\u00f6\u00dfe B x H in cm 30,0 x 10,5 Material Folie langnachleuchtend SafetyMarking langnachleuchtend HI 150 Folien-Produkte Hochwertige Selbstklebefolie, 0,1 mm stark, langnachleuchtend beschichtet. Leuchtdichte (150\/22\/2100) 35 Stunden Leuchtkraft. Witterungsbest\u00e4ndig nein Temperaturbest\u00e4ndig in \u00b0C -30 bis +120 Nachtr\u00e4glich beschriftbar [&hellip;]<\/p>\n","protected":false},"featured_media":1466,"template":"","meta":[],"product_brand":[],"product_cat":[99],"product_tag":[],"class_list":{"0":"post-9322","1":"product","2":"type-product","3":"status-publish","4":"has-post-thumbnail","6":"product_cat-fluchtwege","8":"first","9":"instock","10":"taxable","11":"shipping-taxable","12":"purchasable","13":"product-type-simple"},"jetpack_sharing_enabled":true,"_links":{"self":[{"href":"https:\/\/dse-deutschland.de\/Shop_Schilder\/wp-json\/wp\/v2\/product\/9322","targetHints":{"allow":["GET"]}}],"collection":[{"href":"https:\/\/dse-deutschland.de\/Shop_Schilder\/wp-json\/wp\/v2\/product"}],"about":[{"href":"https:\/\/dse-deutschland.de\/Shop_Schilder\/wp-json\/wp\/v2\/types\/product"}],"wp:featuredmedia":[{"embeddable":true,"href":"https:\/\/dse-deutschland.de\/Shop_Schilder\/wp-json\/wp\/v2\/media\/1466"}],"wp:attachment":[{"href":"https:\/\/dse-deutschland.de\/Shop_Schilder\/wp-json\/wp\/v2\/media?parent=9322"}],"wp:term":[{"taxonomy":"product_brand","embeddable":true,"href":"https:\/\/dse-deutschland.de\/Shop_Schilder\/wp-json\/wp\/v2\/product_brand?post=9322"},{"taxonomy":"product_cat","embeddable":true,"href":"https:\/\/dse-deutschland.de\/Shop_Schilder\/wp-json\/wp\/v2\/product_cat?post=9322"},{"taxonomy":"product_tag","embeddable":true,"href":"https:\/\/dse-deutschland.de\/Shop_Schilder\/wp-json\/wp\/v2\/product_tag?post=9322"}],"curies":[{"name":"wp","href":"https:\/\/api.w.org\/{rel}","templated":true}]}}