{"id":12607,"date":"2018-06-20T09:05:07","date_gmt":"2018-06-20T07:05:07","guid":{"rendered":"http:\/\/dse-dueren.de\/Shop_Schilder\/produkt\/atlantic-bodenaufsteller-mit-infotafel-din-a3-hoch-silber-mattes-aluminiumprofil-bodenaufsteller-mit-spannseil-set-bestehend-aus-bodenaufsteller-infotafel-at1553\/"},"modified":"2022-12-16T14:42:03","modified_gmt":"2022-12-16T13:42:03","slug":"atlantic-bodenaufsteller-mit-infotafel-din-a3-hoch-silber-mattes-aluminiumprofil-bodenaufsteller-mit-spannseil-set-bestehend-aus-bodenaufsteller-infotafel-at1553","status":"publish","type":"product","link":"https:\/\/dse-deutschland.de\/Shop_Schilder\/produkt\/atlantic-bodenaufsteller-mit-infotafel-din-a3-hoch-silber-mattes-aluminiumprofil-bodenaufsteller-mit-spannseil-set-bestehend-aus-bodenaufsteller-infotafel-at1553\/","title":{"rendered":"ATLANTIC Bodenaufsteller mit Infotafel DIN A3 hoch silber mattes Aluminiumprofil, Bodenaufsteller mit Spannseil, Set bestehend aus Bodenaufsteller + Infotafel AT1553"},"content":{"rendered":"<p>ATLANTIC Bodenaufsteller mit Infotafel DIN A3 hoch silber mattes Aluminiumprofil, Bodenaufsteller mit Spannseil, Set bestehend aus Bodenaufsteller + Infotafel AT1553 Aufsteller: (BxHxT): 21,0 x 127,0 x 42,0 cm, Infotafel: (BxH): 33,7 x 43,0 cm<\/p>\n<p>&nbsp;<\/p>\n<p>Gr\u00f6\u00dfe B x H x T in cm<br \/>\n33,7 x 127,0 x 42,0<br \/>\nAusf\u00fchrung<br \/>\nBodenaufsteller mit Infotafel A3<br \/>\nProduktserie<br \/>\nAtlantic<br \/>\nMaterial Abdeckung<br \/>\nKunststoff<br \/>\nFarbe<br \/>\nsilber<br \/>\nBreite [cm]<br \/>\n21<br \/>\nH\u00f6he [cm]<br \/>\n127<br \/>\nTiefe [cm]<br \/>\n42<br \/>\nDIN Format<br \/>\nDIN A3<br \/>\nFormat<br \/>\nHochformat<br \/>\nBeschriftung<br \/>\nEinlage<br \/>\nEigenschaft<br \/>\nschneller Einlagenwechsel<br \/>\nEinlage<br \/>\nPapier<br \/>\nOberfl\u00e4che<br \/>\nmatt<br \/>\nEinsatzbereich<br \/>\nInnenbereich<\/p>\n<p>Bodenaufsteller mit Spannseil und Infotafel Atlantic<\/p>\n<p>Bestell-Nr.: AT1645<\/p>\n","protected":false},"excerpt":{"rendered":"<p>ATLANTIC Bodenaufsteller mit Infotafel DIN A3 hoch silber mattes Aluminiumprofil, Bodenaufsteller mit Spannseil, Set bestehend aus Bodenaufsteller + Infotafel AT1553 Aufsteller: (BxHxT): 21,0 x 127,0 x 42,0 cm, Infotafel: (BxH): 33,7 x 43,0 cm &nbsp; Gr\u00f6\u00dfe B x H x T in cm 33,7 x 127,0 x 42,0 Ausf\u00fchrung Bodenaufsteller mit Infotafel A3 Produktserie Atlantic [&hellip;]<\/p>\n","protected":false},"featured_media":12606,"template":"","meta":[],"product_brand":[],"product_cat":[192],"product_tag":[],"class_list":{"0":"post-12607","1":"product","2":"type-product","3":"status-publish","4":"has-post-thumbnail","6":"product_cat-atlantic","8":"first","9":"instock","10":"taxable","11":"shipping-taxable","12":"purchasable","13":"product-type-simple"},"jetpack_sharing_enabled":true,"_links":{"self":[{"href":"https:\/\/dse-deutschland.de\/Shop_Schilder\/wp-json\/wp\/v2\/product\/12607","targetHints":{"allow":["GET"]}}],"collection":[{"href":"https:\/\/dse-deutschland.de\/Shop_Schilder\/wp-json\/wp\/v2\/product"}],"about":[{"href":"https:\/\/dse-deutschland.de\/Shop_Schilder\/wp-json\/wp\/v2\/types\/product"}],"wp:featuredmedia":[{"embeddable":true,"href":"https:\/\/dse-deutschland.de\/Shop_Schilder\/wp-json\/wp\/v2\/media\/12606"}],"wp:attachment":[{"href":"https:\/\/dse-deutschland.de\/Shop_Schilder\/wp-json\/wp\/v2\/media?parent=12607"}],"wp:term":[{"taxonomy":"product_brand","embeddable":true,"href":"https:\/\/dse-deutschland.de\/Shop_Schilder\/wp-json\/wp\/v2\/product_brand?post=12607"},{"taxonomy":"product_cat","embeddable":true,"href":"https:\/\/dse-deutschland.de\/Shop_Schilder\/wp-json\/wp\/v2\/product_cat?post=12607"},{"taxonomy":"product_tag","embeddable":true,"href":"https:\/\/dse-deutschland.de\/Shop_Schilder\/wp-json\/wp\/v2\/product_tag?post=12607"}],"curies":[{"name":"wp","href":"https:\/\/api.w.org\/{rel}","templated":true}]}}