{"id":12296,"date":"2018-06-20T09:01:52","date_gmt":"2018-06-20T07:01:52","guid":{"rendered":"http:\/\/dse-dueren.de\/Shop_Schilder\/produkt\/wsm-schaukasten-softline-ssk-fuer-den-inneneinsatz-mit-abgerundetem-profil-alu-silber-eloxiert-abschliessbar-2\/"},"modified":"2022-12-16T14:40:28","modified_gmt":"2022-12-16T13:40:28","slug":"wsm-schaukasten-softline-ssk-fuer-den-inneneinsatz-mit-abgerundetem-profil-alu-silber-eloxiert-abschliessbar-2","status":"publish","type":"product","link":"https:\/\/dse-deutschland.de\/Shop_Schilder\/produkt\/wsm-schaukasten-softline-ssk-fuer-den-inneneinsatz-mit-abgerundetem-profil-alu-silber-eloxiert-abschliessbar-2\/","title":{"rendered":"WSM Schaukasten SOFTLINE SSK f\u00fcr den Inneneinsatz mit abgerundetem Profil alu-silber eloxiert, abschlie\u00dfbar,"},"content":{"rendered":"<p>WSM Schaukasten SOFTLINE SSK f\u00fcr den Inneneinsatz mit abgerundetem Profil alu-silber eloxiert, abschlie\u00dfbar, Au\u00dfenma\u00df (BxHxT ): 95,5 x 95,0 x 3,0 cm (12 x A4)<\/p>\n<p>Ausf\u00fchrung<br \/>\nalu-silberfarbig eloxiert<br \/>\nAu\u00dfenma\u00df B x H in cm<br \/>\n95,5 x 95,0<br \/>\nDokumentenanzahl, DIN A4<br \/>\n(nebeneinander)<br \/>\n12 A4<br \/>\nFormat<br \/>\nQuerformat<br \/>\nDIN Format<br \/>\nDIN A4<br \/>\nEcken<br \/>\nspitz<br \/>\nSeiten<br \/>\neinseitig<br \/>\nBreite [cm]<br \/>\n95,5<br \/>\nH\u00f6he [cm]<br \/>\n95<br \/>\nBautiefe [cm]<br \/>\n3<br \/>\nMaterial Rahmen<br \/>\nAluminium<br \/>\nOberfl\u00e4che<br \/>\neloxiert<br \/>\nT\u00fcr<br \/>\nSchiebet\u00fcr<br \/>\nDIN A4 Dokumentenanzahl<br \/>\n12<br \/>\nEigenschaft<br \/>\nmagnetisch | abschlie\u00dfbar<br \/>\nMontageort<br \/>\nWand<br \/>\nBefestigungsart<br \/>\nzum verschrauben<br \/>\nEinsatzbereich<br \/>\nInnenbereich<br \/>\nAusstattung<br \/>\nESG-Sicherheitsglas<\/p>\n<p>zur Wandmontage im Innenbereich<br \/>\nmodernes, abgerundetes Softline-Profil, alu-silberfarbig eloxiert<br \/>\nAluminium-Konstruktion mit schwarzen Laufschienen aus Kunststoff<br \/>\n30 mm Bautiefe<br \/>\nzwei Schiebet\u00fcren aus Einscheiben-Sicherheitsglas (ESG)<br \/>\nGlas-Schiebesperrschloss inkl. 2 Schl\u00fcssel<br \/>\nmagnethaftende R\u00fcckwand, wei\u00df, inkl. 4 Magnete<br \/>\nVersand in bruchsicherer, recycelbarer Kartonage<br \/>\nerf\u00fcllt die Anforderungen der Brandschutzklasse B1<\/p>\n<p>Bestell-Nr.: SW9001<\/p>\n","protected":false},"excerpt":{"rendered":"<p>WSM Schaukasten SOFTLINE SSK f\u00fcr den Inneneinsatz mit abgerundetem Profil alu-silber eloxiert, abschlie\u00dfbar, Au\u00dfenma\u00df (BxHxT ): 95,5 x 95,0 x 3,0 cm (12 x A4) Ausf\u00fchrung alu-silberfarbig eloxiert Au\u00dfenma\u00df B x H in cm 95,5 x 95,0 Dokumentenanzahl, DIN A4 (nebeneinander) 12 A4 Format Querformat DIN Format DIN A4 Ecken spitz Seiten einseitig Breite [cm] [&hellip;]<\/p>\n","protected":false},"featured_media":12294,"template":"","meta":[],"product_brand":[],"product_cat":[178],"product_tag":[],"class_list":{"0":"post-12296","1":"product","2":"type-product","3":"status-publish","4":"has-post-thumbnail","6":"product_cat-schaukaesten-innenbereich","8":"first","9":"instock","10":"taxable","11":"shipping-taxable","12":"purchasable","13":"product-type-simple"},"jetpack_sharing_enabled":true,"_links":{"self":[{"href":"https:\/\/dse-deutschland.de\/Shop_Schilder\/wp-json\/wp\/v2\/product\/12296","targetHints":{"allow":["GET"]}}],"collection":[{"href":"https:\/\/dse-deutschland.de\/Shop_Schilder\/wp-json\/wp\/v2\/product"}],"about":[{"href":"https:\/\/dse-deutschland.de\/Shop_Schilder\/wp-json\/wp\/v2\/types\/product"}],"wp:featuredmedia":[{"embeddable":true,"href":"https:\/\/dse-deutschland.de\/Shop_Schilder\/wp-json\/wp\/v2\/media\/12294"}],"wp:attachment":[{"href":"https:\/\/dse-deutschland.de\/Shop_Schilder\/wp-json\/wp\/v2\/media?parent=12296"}],"wp:term":[{"taxonomy":"product_brand","embeddable":true,"href":"https:\/\/dse-deutschland.de\/Shop_Schilder\/wp-json\/wp\/v2\/product_brand?post=12296"},{"taxonomy":"product_cat","embeddable":true,"href":"https:\/\/dse-deutschland.de\/Shop_Schilder\/wp-json\/wp\/v2\/product_cat?post=12296"},{"taxonomy":"product_tag","embeddable":true,"href":"https:\/\/dse-deutschland.de\/Shop_Schilder\/wp-json\/wp\/v2\/product_tag?post=12296"}],"curies":[{"name":"wp","href":"https:\/\/api.w.org\/{rel}","templated":true}]}}