{"id":11526,"date":"2018-06-20T08:49:56","date_gmt":"2018-06-20T06:49:56","guid":{"rendered":"http:\/\/dse-dueren.de\/Shop_Schilder\/produkt\/spielplatzschild-spielplatz-fuer-kinder-unter-14-jahren\/"},"modified":"2022-12-16T14:36:34","modified_gmt":"2022-12-16T13:36:34","slug":"spielplatzschild-spielplatz-fuer-kinder-unter-14-jahren","status":"publish","type":"product","link":"https:\/\/dse-deutschland.de\/Shop_Schilder\/produkt\/spielplatzschild-spielplatz-fuer-kinder-unter-14-jahren\/","title":{"rendered":"Spielplatzschild Spielplatz f\u00fcr Kinder unter 14 Jahren"},"content":{"rendered":"<p>Spielplatzschild Spielplatz f\u00fcr Kinder unter 14 Jahren  Gr\u00f6\u00dfe (BxH): 55,0 x 75,0 cm<\/p>\n","protected":false},"excerpt":{"rendered":"<p>Spielplatzschild Spielplatz f\u00fcr Kinder unter 14 Jahren Gr\u00f6\u00dfe (BxH): 55,0 x 75,0 cm<\/p>\n","protected":false},"featured_media":11525,"template":"","meta":[],"product_brand":[],"product_cat":[66],"product_tag":[],"class_list":{"0":"post-11526","1":"product","2":"type-product","3":"status-publish","4":"has-post-thumbnail","6":"product_cat-hinweisschilder","8":"first","9":"instock","10":"taxable","11":"shipping-taxable","12":"purchasable","13":"product-type-simple"},"jetpack_sharing_enabled":true,"_links":{"self":[{"href":"https:\/\/dse-deutschland.de\/Shop_Schilder\/wp-json\/wp\/v2\/product\/11526","targetHints":{"allow":["GET"]}}],"collection":[{"href":"https:\/\/dse-deutschland.de\/Shop_Schilder\/wp-json\/wp\/v2\/product"}],"about":[{"href":"https:\/\/dse-deutschland.de\/Shop_Schilder\/wp-json\/wp\/v2\/types\/product"}],"wp:featuredmedia":[{"embeddable":true,"href":"https:\/\/dse-deutschland.de\/Shop_Schilder\/wp-json\/wp\/v2\/media\/11525"}],"wp:attachment":[{"href":"https:\/\/dse-deutschland.de\/Shop_Schilder\/wp-json\/wp\/v2\/media?parent=11526"}],"wp:term":[{"taxonomy":"product_brand","embeddable":true,"href":"https:\/\/dse-deutschland.de\/Shop_Schilder\/wp-json\/wp\/v2\/product_brand?post=11526"},{"taxonomy":"product_cat","embeddable":true,"href":"https:\/\/dse-deutschland.de\/Shop_Schilder\/wp-json\/wp\/v2\/product_cat?post=11526"},{"taxonomy":"product_tag","embeddable":true,"href":"https:\/\/dse-deutschland.de\/Shop_Schilder\/wp-json\/wp\/v2\/product_tag?post=11526"}],"curies":[{"name":"wp","href":"https:\/\/api.w.org\/{rel}","templated":true}]}}