{"id":11508,"date":"2018-06-20T08:49:51","date_gmt":"2018-06-20T06:49:51","guid":{"rendered":"http:\/\/dse-dueren.de\/Shop_Schilder\/produkt\/hinweisschild-zur-baustellenkennzeichnung-schutt-abladen-verboten-3\/"},"modified":"2022-12-16T14:36:30","modified_gmt":"2022-12-16T13:36:30","slug":"hinweisschild-zur-baustellenkennzeichnung-schutt-abladen-verboten-3","status":"publish","type":"product","link":"https:\/\/dse-deutschland.de\/Shop_Schilder\/produkt\/hinweisschild-zur-baustellenkennzeichnung-schutt-abladen-verboten-3\/","title":{"rendered":"Hinweisschild zur Baustellenkennzeichnung Schutt abladen verboten"},"content":{"rendered":"<p>Hinweisschild zur Baustellenkennzeichnung Schutt abladen verboten Gr\u00f6\u00dfe (BxH): 33,0 x 17,0 cm<\/p>\n<p>&nbsp;<\/p>\n<p>&nbsp;<\/p>\n<p>Gr\u00f6\u00dfe B x H in cm<br \/>\n40,0 x 60,0<br \/>\nBreite<br \/>\n40,0 cm<br \/>\nH\u00f6he<br \/>\n60,0 cm<br \/>\nForm<br \/>\nrechteckig<br \/>\nMaterial<br \/>\nAluminium gepr\u00e4gt<br \/>\nSt\u00e4rke<br \/>\n0,6 mm<br \/>\nLieferform<br \/>\nEinzelst\u00fcck<br \/>\nBefestigungsart<br \/>\nzum Verschrauben<\/p>\n<p>Trinkwasser-Schutzgebiet!<\/p>\n<p>Material:<br \/>\nAluminium gepr\u00e4gt, mit kratzfester Einbrennlackierung<br \/>\nEin Spezialprodukt, das trotz seines g\u00fcnstigen Preises Ihren Anforderungen einer dauerhaften Kennzeichnung im Innen- und Au\u00dfeneinsatz gerecht wird. Materialst\u00e4rke: 0,4 &#8211; 0,8 mm.<br \/>\nWitterungsbest\u00e4ndig<br \/>\nja<br \/>\nTemperaturbest\u00e4ndig in \u00b0C<br \/>\n-40 bis +160<br \/>\nNachtr\u00e4glich beschriftbar<br \/>\n&#8212;<\/p>\n<p>Bestell-Nr.: 110.5439<\/p>\n","protected":false},"excerpt":{"rendered":"<p>Hinweisschild zur Baustellenkennzeichnung Schutt abladen verboten Gr\u00f6\u00dfe (BxH): 33,0 x 17,0 cm &nbsp; &nbsp; Gr\u00f6\u00dfe B x H in cm 40,0 x 60,0 Breite 40,0 cm H\u00f6he 60,0 cm Form rechteckig Material Aluminium gepr\u00e4gt St\u00e4rke 0,6 mm Lieferform Einzelst\u00fcck Befestigungsart zum Verschrauben Trinkwasser-Schutzgebiet! Material: Aluminium gepr\u00e4gt, mit kratzfester Einbrennlackierung Ein Spezialprodukt, das trotz seines g\u00fcnstigen [&hellip;]<\/p>\n","protected":false},"featured_media":11198,"template":"","meta":[],"product_brand":[],"product_cat":[66],"product_tag":[],"class_list":{"0":"post-11508","1":"product","2":"type-product","3":"status-publish","4":"has-post-thumbnail","6":"product_cat-hinweisschilder","8":"first","9":"instock","10":"taxable","11":"shipping-taxable","12":"purchasable","13":"product-type-simple"},"jetpack_sharing_enabled":true,"_links":{"self":[{"href":"https:\/\/dse-deutschland.de\/Shop_Schilder\/wp-json\/wp\/v2\/product\/11508","targetHints":{"allow":["GET"]}}],"collection":[{"href":"https:\/\/dse-deutschland.de\/Shop_Schilder\/wp-json\/wp\/v2\/product"}],"about":[{"href":"https:\/\/dse-deutschland.de\/Shop_Schilder\/wp-json\/wp\/v2\/types\/product"}],"wp:featuredmedia":[{"embeddable":true,"href":"https:\/\/dse-deutschland.de\/Shop_Schilder\/wp-json\/wp\/v2\/media\/11198"}],"wp:attachment":[{"href":"https:\/\/dse-deutschland.de\/Shop_Schilder\/wp-json\/wp\/v2\/media?parent=11508"}],"wp:term":[{"taxonomy":"product_brand","embeddable":true,"href":"https:\/\/dse-deutschland.de\/Shop_Schilder\/wp-json\/wp\/v2\/product_brand?post=11508"},{"taxonomy":"product_cat","embeddable":true,"href":"https:\/\/dse-deutschland.de\/Shop_Schilder\/wp-json\/wp\/v2\/product_cat?post=11508"},{"taxonomy":"product_tag","embeddable":true,"href":"https:\/\/dse-deutschland.de\/Shop_Schilder\/wp-json\/wp\/v2\/product_tag?post=11508"}],"curies":[{"name":"wp","href":"https:\/\/api.w.org\/{rel}","templated":true}]}}