{"id":11326,"date":"2018-06-20T08:47:48","date_gmt":"2018-06-20T06:47:48","guid":{"rendered":"http:\/\/dse-dueren.de\/Shop_Schilder\/produkt\/tuerschild-druecken-gruen-weiss\/"},"modified":"2022-12-16T14:35:40","modified_gmt":"2022-12-16T13:35:40","slug":"tuerschild-druecken-gruen-weiss","status":"publish","type":"product","link":"https:\/\/dse-deutschland.de\/Shop_Schilder\/produkt\/tuerschild-druecken-gruen-weiss\/","title":{"rendered":"T\u00fcrschild Dr\u00fccken-gr\u00fcn \/ wei\u00df"},"content":{"rendered":"<p>T\u00fcrschild Dr\u00fccken-gr\u00fcn \/ wei\u00df  Gr\u00f6\u00dfe (Durchm.): 6,0 cm<\/p>\n","protected":false},"excerpt":{"rendered":"<p>T\u00fcrschild Dr\u00fccken-gr\u00fcn \/ wei\u00df Gr\u00f6\u00dfe (Durchm.): 6,0 cm<\/p>\n","protected":false},"featured_media":11325,"template":"","meta":[],"product_brand":[],"product_cat":[66],"product_tag":[],"class_list":{"0":"post-11326","1":"product","2":"type-product","3":"status-publish","4":"has-post-thumbnail","6":"product_cat-hinweisschilder","8":"first","9":"instock","10":"taxable","11":"shipping-taxable","12":"purchasable","13":"product-type-simple"},"jetpack_sharing_enabled":true,"_links":{"self":[{"href":"https:\/\/dse-deutschland.de\/Shop_Schilder\/wp-json\/wp\/v2\/product\/11326","targetHints":{"allow":["GET"]}}],"collection":[{"href":"https:\/\/dse-deutschland.de\/Shop_Schilder\/wp-json\/wp\/v2\/product"}],"about":[{"href":"https:\/\/dse-deutschland.de\/Shop_Schilder\/wp-json\/wp\/v2\/types\/product"}],"wp:featuredmedia":[{"embeddable":true,"href":"https:\/\/dse-deutschland.de\/Shop_Schilder\/wp-json\/wp\/v2\/media\/11325"}],"wp:attachment":[{"href":"https:\/\/dse-deutschland.de\/Shop_Schilder\/wp-json\/wp\/v2\/media?parent=11326"}],"wp:term":[{"taxonomy":"product_brand","embeddable":true,"href":"https:\/\/dse-deutschland.de\/Shop_Schilder\/wp-json\/wp\/v2\/product_brand?post=11326"},{"taxonomy":"product_cat","embeddable":true,"href":"https:\/\/dse-deutschland.de\/Shop_Schilder\/wp-json\/wp\/v2\/product_cat?post=11326"},{"taxonomy":"product_tag","embeddable":true,"href":"https:\/\/dse-deutschland.de\/Shop_Schilder\/wp-json\/wp\/v2\/product_tag?post=11326"}],"curies":[{"name":"wp","href":"https:\/\/api.w.org\/{rel}","templated":true}]}}