{"id":10846,"date":"2018-06-20T08:42:42","date_gmt":"2018-06-20T06:42:42","guid":{"rendered":"http:\/\/dse-dueren.de\/Shop_Schilder\/produkt\/verkehrszeichen-stvo-dem-gegenverkehr-vorrang-gewaehren-2\/"},"modified":"2022-12-16T14:32:57","modified_gmt":"2022-12-16T13:32:57","slug":"verkehrszeichen-stvo-dem-gegenverkehr-vorrang-gewaehren-2","status":"publish","type":"product","link":"https:\/\/dse-deutschland.de\/Shop_Schilder\/produkt\/verkehrszeichen-stvo-dem-gegenverkehr-vorrang-gewaehren-2\/","title":{"rendered":"Verkehrszeichen &#8211; StVO Dem Gegenverkehr Vorrang gew\u00e4hren!"},"content":{"rendered":"<p>Verkehrszeichen &#8211; StVO Dem Gegenverkehr Vorrang gew\u00e4hren!  Gr\u00f6\u00dfe (Durchm.): 60,0 cm<\/p>\n","protected":false},"excerpt":{"rendered":"<p>Verkehrszeichen &#8211; StVO Dem Gegenverkehr Vorrang gew\u00e4hren! Gr\u00f6\u00dfe (Durchm.): 60,0 cm<\/p>\n","protected":false},"featured_media":10844,"template":"","meta":[],"product_brand":[],"product_cat":[128],"product_tag":[],"class_list":{"0":"post-10846","1":"product","2":"type-product","3":"status-publish","4":"has-post-thumbnail","6":"product_cat-verkehrszeichen","8":"first","9":"instock","10":"taxable","11":"shipping-taxable","12":"purchasable","13":"product-type-simple"},"jetpack_sharing_enabled":true,"_links":{"self":[{"href":"https:\/\/dse-deutschland.de\/Shop_Schilder\/wp-json\/wp\/v2\/product\/10846","targetHints":{"allow":["GET"]}}],"collection":[{"href":"https:\/\/dse-deutschland.de\/Shop_Schilder\/wp-json\/wp\/v2\/product"}],"about":[{"href":"https:\/\/dse-deutschland.de\/Shop_Schilder\/wp-json\/wp\/v2\/types\/product"}],"wp:featuredmedia":[{"embeddable":true,"href":"https:\/\/dse-deutschland.de\/Shop_Schilder\/wp-json\/wp\/v2\/media\/10844"}],"wp:attachment":[{"href":"https:\/\/dse-deutschland.de\/Shop_Schilder\/wp-json\/wp\/v2\/media?parent=10846"}],"wp:term":[{"taxonomy":"product_brand","embeddable":true,"href":"https:\/\/dse-deutschland.de\/Shop_Schilder\/wp-json\/wp\/v2\/product_brand?post=10846"},{"taxonomy":"product_cat","embeddable":true,"href":"https:\/\/dse-deutschland.de\/Shop_Schilder\/wp-json\/wp\/v2\/product_cat?post=10846"},{"taxonomy":"product_tag","embeddable":true,"href":"https:\/\/dse-deutschland.de\/Shop_Schilder\/wp-json\/wp\/v2\/product_tag?post=10846"}],"curies":[{"name":"wp","href":"https:\/\/api.w.org\/{rel}","templated":true}]}}