{"id":10683,"date":"2018-06-19T17:29:04","date_gmt":"2018-06-19T15:29:04","guid":{"rendered":"http:\/\/dse-dueren.de\/Shop_Schilder\/produkt\/hinweisschild-fuer-ein-und-ausfahrten-ein-und-ausfahrt-bitte-freihalten-auch-gegenueber\/"},"modified":"2022-12-16T14:31:46","modified_gmt":"2022-12-16T13:31:46","slug":"hinweisschild-fuer-ein-und-ausfahrten-ein-und-ausfahrt-bitte-freihalten-auch-gegenueber","status":"publish","type":"product","link":"https:\/\/dse-deutschland.de\/Shop_Schilder\/produkt\/hinweisschild-fuer-ein-und-ausfahrten-ein-und-ausfahrt-bitte-freihalten-auch-gegenueber\/","title":{"rendered":"Hinweisschild f\u00fcr Ein- und Ausfahrten Ein- und Ausfahrt bitte freihalten auch gegen\u00fcber!"},"content":{"rendered":"<p>Hinweisschild f\u00fcr Ein- und Ausfahrten Ein- und Ausfahrt bitte freihalten auch gegen\u00fcber!  Gr\u00f6\u00dfe (BxH): 40,0 x 25,0 cm<\/p>\n","protected":false},"excerpt":{"rendered":"<p>Hinweisschild f\u00fcr Ein- und Ausfahrten Ein- und Ausfahrt bitte freihalten auch gegen\u00fcber! Gr\u00f6\u00dfe (BxH): 40,0 x 25,0 cm<\/p>\n","protected":false},"featured_media":412,"template":"","meta":[],"product_brand":[],"product_cat":[66],"product_tag":[],"class_list":{"0":"post-10683","1":"product","2":"type-product","3":"status-publish","4":"has-post-thumbnail","6":"product_cat-hinweisschilder","8":"first","9":"instock","10":"taxable","11":"shipping-taxable","12":"purchasable","13":"product-type-simple"},"jetpack_sharing_enabled":true,"_links":{"self":[{"href":"https:\/\/dse-deutschland.de\/Shop_Schilder\/wp-json\/wp\/v2\/product\/10683","targetHints":{"allow":["GET"]}}],"collection":[{"href":"https:\/\/dse-deutschland.de\/Shop_Schilder\/wp-json\/wp\/v2\/product"}],"about":[{"href":"https:\/\/dse-deutschland.de\/Shop_Schilder\/wp-json\/wp\/v2\/types\/product"}],"wp:featuredmedia":[{"embeddable":true,"href":"https:\/\/dse-deutschland.de\/Shop_Schilder\/wp-json\/wp\/v2\/media\/412"}],"wp:attachment":[{"href":"https:\/\/dse-deutschland.de\/Shop_Schilder\/wp-json\/wp\/v2\/media?parent=10683"}],"wp:term":[{"taxonomy":"product_brand","embeddable":true,"href":"https:\/\/dse-deutschland.de\/Shop_Schilder\/wp-json\/wp\/v2\/product_brand?post=10683"},{"taxonomy":"product_cat","embeddable":true,"href":"https:\/\/dse-deutschland.de\/Shop_Schilder\/wp-json\/wp\/v2\/product_cat?post=10683"},{"taxonomy":"product_tag","embeddable":true,"href":"https:\/\/dse-deutschland.de\/Shop_Schilder\/wp-json\/wp\/v2\/product_tag?post=10683"}],"curies":[{"name":"wp","href":"https:\/\/api.w.org\/{rel}","templated":true}]}}