{"id":10611,"date":"2018-06-19T16:53:02","date_gmt":"2018-06-19T14:53:02","guid":{"rendered":"http:\/\/dse-dueren.de\/Shop_Schilder\/produkt\/pruefplakette-jahresplakette-mit-4-stelliger-jahreszahl-blau-weiss-fuer-labore-und-krankenhaeuser\/"},"modified":"2022-12-16T14:31:11","modified_gmt":"2022-12-16T13:31:11","slug":"pruefplakette-jahresplakette-mit-4-stelliger-jahreszahl-blau-weiss-fuer-labore-und-krankenhaeuser","status":"publish","type":"product","link":"https:\/\/dse-deutschland.de\/Shop_Schilder\/produkt\/pruefplakette-jahresplakette-mit-4-stelliger-jahreszahl-blau-weiss-fuer-labore-und-krankenhaeuser\/","title":{"rendered":"Pr\u00fcfplakette Jahresplakette mit 4-stelliger Jahreszahl blau-wei\u00df, f\u00fcr Labore und Krankenh\u00e4user"},"content":{"rendered":"<p>Pr\u00fcfplakette Jahresplakette mit 4-stelliger Jahreszahl blau-wei\u00df, f\u00fcr Labore und Krankenh\u00e4user Gr\u00f6\u00dfe Einzeletikett (Durchm.): 2,0 cm<\/p>\n","protected":false},"excerpt":{"rendered":"<p>Pr\u00fcfplakette Jahresplakette mit 4-stelliger Jahreszahl blau-wei\u00df, f\u00fcr Labore und Krankenh\u00e4user Gr\u00f6\u00dfe Einzeletikett (Durchm.): 2,0 cm<\/p>\n","protected":false},"featured_media":976,"template":"","meta":[],"product_brand":[],"product_cat":[158],"product_tag":[],"class_list":{"0":"post-10611","1":"product","2":"type-product","3":"status-publish","4":"has-post-thumbnail","6":"product_cat-pruefplaketten","8":"first","9":"instock","10":"taxable","11":"shipping-taxable","12":"purchasable","13":"product-type-simple"},"jetpack_sharing_enabled":true,"_links":{"self":[{"href":"https:\/\/dse-deutschland.de\/Shop_Schilder\/wp-json\/wp\/v2\/product\/10611","targetHints":{"allow":["GET"]}}],"collection":[{"href":"https:\/\/dse-deutschland.de\/Shop_Schilder\/wp-json\/wp\/v2\/product"}],"about":[{"href":"https:\/\/dse-deutschland.de\/Shop_Schilder\/wp-json\/wp\/v2\/types\/product"}],"wp:featuredmedia":[{"embeddable":true,"href":"https:\/\/dse-deutschland.de\/Shop_Schilder\/wp-json\/wp\/v2\/media\/976"}],"wp:attachment":[{"href":"https:\/\/dse-deutschland.de\/Shop_Schilder\/wp-json\/wp\/v2\/media?parent=10611"}],"wp:term":[{"taxonomy":"product_brand","embeddable":true,"href":"https:\/\/dse-deutschland.de\/Shop_Schilder\/wp-json\/wp\/v2\/product_brand?post=10611"},{"taxonomy":"product_cat","embeddable":true,"href":"https:\/\/dse-deutschland.de\/Shop_Schilder\/wp-json\/wp\/v2\/product_cat?post=10611"},{"taxonomy":"product_tag","embeddable":true,"href":"https:\/\/dse-deutschland.de\/Shop_Schilder\/wp-json\/wp\/v2\/product_tag?post=10611"}],"curies":[{"name":"wp","href":"https:\/\/api.w.org\/{rel}","templated":true}]}}