{"id":10444,"date":"2018-06-19T16:33:51","date_gmt":"2018-06-19T14:33:51","guid":{"rendered":"http:\/\/dse-dueren.de\/Shop_Schilder\/produkt\/etiketten-kennzeichnung-elektrischer-leiter-l3-aussenleiter-3-2\/"},"modified":"2022-12-16T14:29:42","modified_gmt":"2022-12-16T13:29:42","slug":"etiketten-kennzeichnung-elektrischer-leiter-l3-aussenleiter-3-2","status":"publish","type":"product","link":"https:\/\/dse-deutschland.de\/Shop_Schilder\/produkt\/etiketten-kennzeichnung-elektrischer-leiter-l3-aussenleiter-3-2\/","title":{"rendered":"Etiketten- Kennzeichnung elektrischer Leiter &#8211; L3 (Au\u00dfenleiter 3)"},"content":{"rendered":"<p>Etiketten- Kennzeichnung elektrischer Leiter &#8211; L3 (Au\u00dfenleiter 3)  Gr\u00f6\u00dfe Einzeletikett (Durchm.): 1,60 cm<\/p>\n","protected":false},"excerpt":{"rendered":"<p>Etiketten- Kennzeichnung elektrischer Leiter &#8211; L3 (Au\u00dfenleiter 3) Gr\u00f6\u00dfe Einzeletikett (Durchm.): 1,60 cm<\/p>\n","protected":false},"featured_media":580,"template":"","meta":[],"product_brand":[],"product_cat":[111],"product_tag":[],"class_list":{"0":"post-10444","1":"product","2":"type-product","3":"status-publish","4":"has-post-thumbnail","6":"product_cat-elekrtozeichnung","8":"first","9":"instock","10":"taxable","11":"shipping-taxable","12":"purchasable","13":"product-type-simple"},"jetpack_sharing_enabled":true,"_links":{"self":[{"href":"https:\/\/dse-deutschland.de\/Shop_Schilder\/wp-json\/wp\/v2\/product\/10444","targetHints":{"allow":["GET"]}}],"collection":[{"href":"https:\/\/dse-deutschland.de\/Shop_Schilder\/wp-json\/wp\/v2\/product"}],"about":[{"href":"https:\/\/dse-deutschland.de\/Shop_Schilder\/wp-json\/wp\/v2\/types\/product"}],"wp:featuredmedia":[{"embeddable":true,"href":"https:\/\/dse-deutschland.de\/Shop_Schilder\/wp-json\/wp\/v2\/media\/580"}],"wp:attachment":[{"href":"https:\/\/dse-deutschland.de\/Shop_Schilder\/wp-json\/wp\/v2\/media?parent=10444"}],"wp:term":[{"taxonomy":"product_brand","embeddable":true,"href":"https:\/\/dse-deutschland.de\/Shop_Schilder\/wp-json\/wp\/v2\/product_brand?post=10444"},{"taxonomy":"product_cat","embeddable":true,"href":"https:\/\/dse-deutschland.de\/Shop_Schilder\/wp-json\/wp\/v2\/product_cat?post=10444"},{"taxonomy":"product_tag","embeddable":true,"href":"https:\/\/dse-deutschland.de\/Shop_Schilder\/wp-json\/wp\/v2\/product_tag?post=10444"}],"curies":[{"name":"wp","href":"https:\/\/api.w.org\/{rel}","templated":true}]}}